ose 3 = 5*i - p. Calculate the greatest common divisor of 3 and i.
3
Let l(f) = 2 + 3*f - 2. Let n be l(2). Let p = -3 + n. What is the greatest common factor of p and 12?
3
Suppose 5*d = 76 + 104. Suppose 5*b - y - 20 = -0*y, y + 4 = b. Calculate the greatest common divisor of d and b.
4
Let w = -424 - -494. Let d = 14 - 4. Calculate the highest common factor of d and w.
10
Suppose 3*y - 38 = 2*y. Suppose -d - y = -2*d. Calculate the greatest common factor of d and 266.
38
Let f = 0 + 14. What is the highest common factor of 35 and f?
7
Let b(o) = 2*o**2 + 12*o + 6. Let v be ((-15)/(-25))/((-1)/15). Let a be b(v). Calculate the greatest common factor of 24 and a.
12
Let z be -3*57/(-9) - (2 + -3). Calculate the highest common factor of z and 10.
10
Let o = 5 - 5. Suppose o = 2*j - 2*x - 60, 5*x = 3*j + j - 118. Calculate the greatest common divisor of 48 and j.
16
Let b(f) = -38*f + 2. Let j be b(-4). Suppose 0 = m + 2, -3*p + 5*m = -25. Suppose -14 = -6*t + p*t. Calculate the greatest common divisor of j and t.
14
Let t(v) = -v**3 - 7*v**2 + 4*v + 3. Let l be t(-7). Let r = l - -277. What is the greatest common divisor of 28 and r?
28
Let a = -5 + 49. Let y(m) = m**3 + 4*m**2 + m - 2. Suppose -o + 1 = 4. Let b be y(o). What is the highest common factor of b and a?
4
Let g be ((-4)/(-5))/((-2)/(-35)). Let n(s) = 2*s**2 - 1. Let l be n(2). Calculate the highest common factor of l and g.
7
Suppose 2*h - 124 = -h + y, 0 = -3*y - 12. Let g = 11 - 10. Suppose 11 = i + g. What is the greatest common divisor of i and h?
10
Let a be (10/4 - 2)*16. Let i = 21 + -9. What is the highest common divisor of a and i?
4
Let a be (-6)/(-15) - (-13)/5. Let y be (-4 - -2) + 1 + 3. Let h = 3 - y. What is the highest common divisor of a and h?
1
Let b be -1*(-1 - -2)*-13. Let j = -7 + b. Suppose -2*h = 3*v + 2*h - 47, 5*v - 55 = -2*h. Calculate the greatest common divisor of v and j.
3
Suppose -6*y + 1380 = -y. Let t be y/9 + (-4)/6. Suppose 5*s - j - t + 11 = 0, -2*s - 2*j = 2. What is the highest common factor of 33 and s?
3
Let p(r) = -15*r - 2. Let y be p(-3). Let d be (-2 + 7)*52/(-10). Let c = d + y. What is the greatest common divisor of c and 17?
17
Suppose -4*t + 54 - 18 = 0. Suppose 3*i = -z + 81, -5*i - 3*z + 135 = -0*z. What is the highest common factor of t and i?
9
Let r = -35 + 47. What is the greatest common factor of 36 and r?
12
Let o be ((-3)/(-2) - 2)*-36. Suppose 3*c + 5*u = 17, 2*c - 4*u - 7 = 19. What is the highest common factor of o and c?
9
Let c be (-98)/(-4)*-1*-4. Suppose 4*i = 2*i + 4. Suppose -i*l - 3*l = -3*g + 67, -4*g + 2*l = -66. What is the highest common divisor of g and c?
14
Let r = -73 - -99. Calculate the highest common divisor of 104 and r.
26
Suppose -3*x - 3 = 4*k, -5*x + 5*k = -2*x - 24. Let a be (-436)/(-6)*x/2. Let c = 237 - a. What is the greatest common divisor of 16 and c?
16
Let m = -8 + 28. Calculate the greatest common factor of m and 80.
20
Let u = 38 - -17. Suppose 43 = 7*t - 34. Calculate the greatest common divisor of u and t.
11
Suppose 0 = 3*x - 2*x - 34. Suppose x + 2 = 3*j. Let c be (0 + -18)*(4 - 10). Calculate the greatest common divisor of c and j.
12
Let x = 44 + -26. Suppose -r - 2*l = 2*r + 3, 0 = 4*r + 5*l + 11. Let y be (-9)/3 + r + 11. Calculate the highest common factor of y and x.
9
Let s be (462/(-56))/((-2)/24). Calculate the greatest common divisor of 9 and s.
9
Let g be (-33 - 1)/(-1) - 3. Suppose 0 = b - 42 - g. Let a = b - 49. What is the highest common divisor of a and 60?
12
Suppose -2*z = 3*v - 494, -5*v + 205 + 610 = 5*z. What is the highest common factor of v and 21?
21
Let l be 100*(105/(-12))/(-7). What is the greatest common divisor of 25 and l?
25
Suppose 130 = 4*y + 46. Let d = y - 18. Calculate the highest common factor of 21 and d.
3
Suppose 81 = 7*z - 4*z. What is the greatest common factor of z and 270?
27
Let i(u) = -2*u - 5. Let b be i(-4). Suppose -5 = -b*q + 1. Suppose -g - q*g = -15. What is the greatest common divisor of g and 25?
5
Let r = -44 + 84. Let b(q) be the second derivative of q**4/6 - 5*q**3/6 + 2*q**2 + 3*q. Let a be b(4). Calculate the highest common factor of r and a.
8
Let g(q) = 8*q**2 + q - 1. Let s be g(-1). Calculate the greatest common factor of s and 6.
6
Let m = -56 + 101. Let z be 130/18 - 10/m. What is the highest common divisor of z and 28?
7
Suppose -b + 25 = -5*w, -4*b + 2*b = 4*w - 36. Calculate the greatest common factor of b and 10.
10
Suppose -9*z = -13*z + 88. What is the greatest common divisor of z and 198?
22
Let v be 0 + 3 + 63 + 2. Suppose 0 = 5*x - 7*x + v. Calculate the highest common divisor of x and 51.
17
Let f = 1 - -3. What is the greatest common factor of 36 and f?
4
Suppose -20 = -3*q + 5*p, -4*q + p + 7 = -31. Suppose -2 = -4*y + q. Let i(s) = 6*s - 4. Let f be i(y). Calculate the highest common divisor of f and 14.
14
Let p(r) = 0*r - 2 + 3*r + 3. Let i be p(1). Suppose -i*v = 39 - 127. What is the highest common factor of 11 and v?
11
Let r = -138 - -215. What is the highest common factor of 7 and r?
7
Let l(f) = -2*f**2 - 14*f + 3. Let d be l(-6). What is the greatest common factor of 5 and d?
5
Let q(c) = c**3 - 4*c**2 + 5*c + 24. Let f be q(6). Calculate the greatest common divisor of f and 42.
42
Let o = 63 + -19. What is the highest common divisor of o and 66?
22
Let z be (-96)/(-10)*(-100)/(-8). Suppose -r + 3 = -12. What is the greatest common factor of z and r?
15
Let m = 36 - 24. Suppose -4*p - 20 = 0, 5*q + 2*p = -58 + 168. What is the greatest common factor of q and m?
12
Let r(f) = 3*f. Let u be r(6). Let d = 35 - u. Let g be (-1868)/(-10) + (-4)/(-20). What is the highest common divisor of d and g?
17
Suppose 14 = -5*g + 4*m - 1, 2*m = -2*g + 12. Let j be 49 - -6 - (g + 0). What is the greatest common factor of j and 6?
6
Suppose -5*s = 2*i - 14, 3*s + i = -2*s + 12. Calculate the greatest common divisor of 1 and s.
1
Let v(f) = 2*f - 6. Let d be v(5). Suppose -4*n + 34 = -2*r, 3*r = 2*n - r - 32. Let m be (n/(-9))/((-2)/108). Calculate the highest common divisor of m and d.
4
Suppose -3*w + 2*k = -293, -4*w + 465 = 5*k + 59. What is the greatest common divisor of 11 and w?
11
Let g(n) = n**3 - 5*n**2 - 13*n + 6. Let x be g(7). What is the greatest common factor of x and 52?
13
Let h be 880/(-30)*(-3)/2. Calculate the highest common divisor of 4 and h.
4
Let w = 12 + -11. Suppose 2*s + w = 11. What is the highest common factor of s and 5?
5
Suppose -3*f - 2*f = 0. Suppose 3*b = 3*p + 10 + 2, -50 = -5*b - p. Let v = b + f. Calculate the greatest common factor of 81 and v.
9
Let c be ((-22)/4)/(22/(-44)). Let p be (2/(-3))/2*-33. Calculate the greatest common divisor of c and p.
11
Suppose -4*z = -2*s + 20, z = 2*z - 3. Calculate the greatest common divisor of 80 and s.
16
Let d = -5 - -8. Suppose p = 2*l - 82, -d*l + 2*p = 7*p - 110. Let u be 5/10*14 + -2. Calculate the highest common divisor of u and l.
5
Let f = -54 - -96. Suppose -d + f = -18. Let o be (-18)/5*(-20)/6. Calculate the highest common factor of d and o.
12
Suppose -39 = 4*c + 3*z, -c - 2*z - 5 = -6*z. Let h be 40/15*c/(-2). Calculate the greatest common factor of 8 and h.
4
Let q(r) = -r**2 - 9*r - 9. Let g be q(-7). Let v(b) = 13 - 7 + b**3 + g + b. Let k be v(0). What is the greatest common divisor of 77 and k?
11
Suppose -3*z - 5*u + 73 = 0, -17 = -0*z - z + 2*u. Calculate the greatest common factor of 168 and z.
21
Suppose -3*m + 50 + 16 = 0. What is the greatest common factor of 11 and m?
11
Let f = -19 + 28. Let j = -6 + f. What is the highest common factor of 33 and j?
3
Let n = 0 + 2. Let c be (0 - (-15)/2)*n. Calculate the highest common factor of 5 and c.
5
Let w(h) = -15*h + 4. Suppose 5*d + 2 + 8 = 0. Let l(a) = 16*a - 5. Let n(v) = d*l(v) - 3*w(v). Let b be n(6). Calculate the highest common divisor of b and 19.
19
Suppose 6*t - 2*t - 149 = u, -t - u = -31. Suppose -2*y - y + t = 0. What is the greatest common factor of y and 96?
12
Let z = 38 - -193. What is the highest common divisor of 21 and z?
21
Let i(q) = 3*q**2 - 2*q + 1. Let g be i(1). Let h(z) = 11 - 6*z + z**2 - 2*z - 2*z**2. Let w be h(-9). What is the greatest common factor of g and w?
2
Suppose 59 + 133 = 3*m. Calculate the greatest common divisor of 16 and m.